 Calculate v(6).
-1
Let i(v) = -v**3 - 12*v**2 + 17*v - 2. Calculate i(-13).
-54
Let l(r) = -6*r + 20. Determine l(5).
-10
Let c(z) = -4*z**3 + 2*z**2 - z + 1. What is c(2)?
-25
Let f(r) = r**3 + 12*r**2 + r + 15. Determine f(-12).
3
Let f(h) = h**2 + 30*h - 261. Give f(7).
-2
Let s(c) = -c**2 + 13*c - 18. Calculate s(12).
-6
Let x(t) = 8*t + 35. Determine x(-4).
3
Let f(o) = -o**2 + 8*o + 3. Calculate f(6).
15
Let h(t) = -t**3 + 2*t**2 + 2*t + 8. Determine h(3).
5
Let n(r) = 8*r**2 + 6*r - 4. Give n(-3).
50
Let s(f) = -f**2 + f + 2. Give s(-2).
-4
Let r(m) = -m. Determine r(-1).
1
Let v(j) = -4*j**3 + 2*j**2 - 4*j + 3. Give v(2).
-29
Let g(h) = h**2 - h - 6. What is g(-5)?
24
Let r(a) = -a**3 - 12*a**2 - 11*a + 12. What is r(-11)?
12
Let q(s) = -3*s**2 - 8*s + 42. Determine q(8).
-214
Let i(d) = d**2 - 10*d + 14. Give i(7).
-7
Let d(k) = 2*k - 4. Calculate d(-8).
-20
Let t(k) = 18*k - 312. Calculate t(17).
-6
Let z(i) = 19*i**3 - 2*i**2 + i + 2. Calculate z(-1).
-20
Let o(r) = -11*r + 11. Calculate o(1).
0
Let y(t) = -t**3 - 13*t**2 - 10*t + 28. Calculate y(-12).
4
Let p(v) = v + 11. What is p(-3)?
8
Let t(v) = 46*v - 2. Calculate t(-2).
-94
Let v(a) = -3*a - 23. Give v(-7).
-2
Let o(h) = -h**2 + 7*h - 3. Determine o(7).
-3
Let r(z) = -17*z + 590. Give r(35).
-5
Let m(b) = -b**3 - 45*b**2 - 84*b + 75. What is m(-43)?
-11
Let l(g) = -g**2 + 5*g + 3. What is l(9)?
-33
Let p(h) = 22*h**2 - h. Determine p(-2).
90
Let k(y) = -y**3 - 6*y**2 - 2*y - 2. Give k(-2).
-14
Let c(r) = -2*r**3 - 18*r**2 - 20*r - 15. Determine c(-8).
17
Let t(n) = n**2 - 5*n - 8. Calculate t(8).
16
Let y(d) = 3*d**3 - 2*d**2 - d + 4. Give y(2).
18
Let i(n) = -13*n + 181. Determine i(14).
-1
Let d(l) = -3*l + 8. What is d(-7)?
29
Let g(b) = -b**3 + 9*b**2 + 22*b + 1. What is g(11)?
1
Let l(q) = 8*q**3 + 2*q**2 + 3*q + 2. What is l(-1)?
-7
Let g(d) = d**2 - 12*d + 35. Give g(5).
0
Let r(v) = 2*v**3 + 2*v + 4. What is r(-2)?
-16
Let t(y) = -y**3 - 9*y**2 - 5*y - 5. What is t(-5)?
-80
Let m(i) = 2*i - 82. Give m(41).
0
Let n(q) = q**3 - 21*q**2 - 20*q - 31. Determine n(22).
13
Let a(q) = -q**3 + 35*q**2 - 29*q - 152. What is a(34)?
18
Let o(n) = n**3 + 10*n**2 - 12*n - 11. Calculate o(-11).
0
Let u(n) = -n - 2. Give u(8).
-10
Let a(b) = -8*b + 5. Give a(-3).
29
Let v(b) = b**3 + 21*b**2 + 92*b + 28. What is v(-15)?
-2
Let a(b) = 16*b + 65. Determine a(-6).
-31
Let m(s) = -s**3 + 8*s**2 - 13. Determine m(7).
36
Let u(y) = y**3 - 2*y + 6. Calculate u(0).
6
Let l(u) = u**2 - 13*u - 137. Calculate l(-7).
3
Let f(h) = -2*h**2 - 12*h - 7. Give f(-5).
3
Let b(m) = -2*m**2 + 21*m - 29. Calculate b(9).
-2
Let l(f) = f**2 + 7*f + 2. Calculate l(-7).
2
Let a(d) = d**3 - 23*d**2 - 54*d + 19. Give a(25).
-81
Let n(s) = s**3 + 13*s**2 - 29*s + 36. What is n(-15)?
21
Let w(t) = 22*t**3 - 3*t - 2. Determine w(-1).
-21
Let w(x) = -6*x**2 + 3*x - 3. Calculate w(3).
-48
Let p(n) = 2*n**3 + 2*n**2 - 1. Determine p(-1).
-1
Let s(t) = t**2 - 10*t + 5. Determine s(11).
16
Let r(o) = 2*o**2 + 8*o - 1. Determine r(-4).
-1
Let l(k) = -k**3 - 11*k**2 - 1. Calculate l(-11).
-1
Let d(n) = n**3 - 3*n**2 - 18*n - 11. Calculate d(6).
-11
Let k(q) = 2*q**2 - 20*q + 9. Give k(15).
159
Let z(y) = 8*y + 7. Calculate z(1).
15
Let j(u) = -u**3 + 17*u**2 - u + 56. What is j(17)?
39
Let f(h) = h**3 - 2*h**2 + 2*h - 18. What is f(5)?
67
Let v(c) = -c**2 + c - 25. What is v(0)?
-25
Let j(t) = 15*t - 6. Calculate j(5).
69
Let t(o) = -2*o**3 + 5*o**2 - 2*o. Determine t(3).
-15
Let q(u) = 20*u + 208. Give q(-8).
48
Let d(t) = 2*t**2 - 5*t + 14. Determine d(3).
17
Let j(c) = -c**3 - 23*c**2 + 4*c + 87. Calculate j(-23).
-5
Let m(j) = j**3 - 20*j**2 + 49*j + 28. What is m(17)?
-6
Let q(z) = -23*z**2 - 21*z + 2. Calculate q(-1).
0
Let x(k) = k**2 - 4*k. What is x(4)?
0
Let n(c) = -2*c**2 + 3*c - 15. Determine n(7).
-92
Let z(q) = -q**2 + q - 2. Determine z(6).
-32
Let d(b) = -b**3 - 4*b**2 + b + 2. What is d(-3)?
-10
Let r(j) = 16*j**2 + j - 1. Calculate r(0).
-1
Let l(p) = -p**3 + 4*p**2 - 6*p + 1. Give l(3).
-8
Let i(s) = s**2 + 10*s - 83. Give i(-12).
-59
Let i(a) = 4*a - 25. Calculate i(6).
-1
Let f(z) = -2*z**2 + 3*z + 1. Give f(-3).
-26
Let z(y) = -y**3 - 5*y**2 + 13*y - 8. Give z(-7).
-1
Let d(x) = -x**3 - 5*x**2 - 6*x - 1. Calculate d(-3).
-1
Let o(p) = -p**3 + 25*p**2 - 128*p + 13. Determine o(7).
-1
Let o(h) = h**3 + 51*h**2 + 143*h - 56. What is o(-48)?
-8
Let r(k) = -30*k - 2. Give r(-1).
28
Let b(o) = -o**3 + 2*o**2 - 1. Give b(-1).
2
Let c(m) = 6*m**2 - 10*m - 13. What is c(-2)?
31
Let b(c) = 7*c - 31. Determine b(0).
-31
Let r(d) = -d**2 - 2*d + 103. Calculate r(-11).
4
Let b(j) = j**2 - 11*j + 15. Determine b(6).
-15
Let i(k) = 2*k - 18. Give i(7).
-4
Let l(j) = j**3 + 4*j**2 - 5. Give l(-4).
-5
Let n(w) = 5*w - 9. Determine n(8).
31
Let i(n) = 2*n**2 - 8*n - 1. Calculate i(6).
23
Let f(x) = -15*x - 60. Calculate f(-5).
15
Let d(v) = -v**2 + 17*v - 18. What is d(18)?
-36
Let v(s) = 10*s**2 + 144*s + 56. Give v(-14).
0
Let m(z) = -z**2 + 16*z - 66. Give m(6).
-6
Let k(d) = d - 7. Determine k(8).
1
Let f(l) = 4*l**2 + 28*l + 52. What is f(-4)?
4
Let x(f) = f**3 + 9*f**2 + 2*f - 11. Calculate x(-8).
37
Let h(k) = 8*k**3 + 2*k**2 - k - 2. What is h(-1)?
-7
Let q(v) = v**2 + 8*v - 62. What is q(-11)?
-29
Let z(i) = i**2 - 51*i - 162. Give z(54).
0
Let n(y) = y**3 + 6*y**2 + 10*y + 5. Determine n(-4).
-3
Let n(w) = w**2 + w - 10. What is n(0)?
-10
Let z(t) = t**2 - 18. Calculate z(5).
7
Let t(i) = 3*i**2 - 6*i + 3. Give t(5).
48
Let b(f) = -6*f - 193. Give b(-33).
5
Let j(w) = w**3 - 7*w**2 + 5*w + 5. What is j(6)?
-1
Let l(x) = x**2 - 6*x - 1. Calculate l(5).
-6
Let y(k) = 3*k + 20. Give y(0).
20
Let v(w) = w**3 - 8*w**2 + 2*w + 8. Determine v(7).
-27
Let p(m) = -14*m**2 - 1. Determine p(1).
-15
Let j(t) = -9*t - 126. Calculate j(-15).
9
Let p(t) = 2*t**2 + 12*t + 5. Calculate p(-6).
5
Let f(k) = 10*k - 31. Determine f(6).
29
Let a(b) = 13*b**2 - 2*b. Calculate a(2).
48
Let s(d) = d**3 + 12*d**2 + 18*d - 31. Calculate s(-10).
-11
Let b(o) = -37*o - 29. What is b(-1)?
8
Let v(j) = j**2 - 4*j + 6. What is v(5)?
11
Let k(i) = i**2 - 14*i + 21. Give k(13).
8
Let d(l) = -l**3 - 7*l**2 - 5*l - 6. What is d(-4)?
-34
Let g(a) = a**2 + 14*a + 37. Calculate g(-12).
13
Let a(q) = 144*q + 295. Give a(-2).
7
Let z(v) = v - 13. Calculate z(9).
-4
Let y(o) = 10*o + 92. Determine y(-10).
-8
Let l(u) = -6*u + 15. Determine l(5).
-15
Let s(m) = -m. Determine s(4).
-4
Let f(v) = v**3 - 32*v**2 - 2*v + 22. What is f(32)?
-42
Let v(b) = b**2 - 3*b + 1. Calculate v(1).
-1
Let d(l) = -2*l**2 - 3*l - 2. What is d(3)?
-29
Let f(u) = 50*u - 291. What is f(6)?
9
Let a(m) = 10*m + 6. Calculate a(5).
56
Let l(s) = -s**2 + 13*s - 21. Calculate l(14).
-35
Let y(i) = -i**3 + 18*i**2 - 14*i - 12. Give y(17).
39
Let s(a) = 10*a - 6. Calculate s(-1).
-16
Let r(s) = 3*s + 8. What is r(6)?
26
Let n(o) = 9*o + 36. Calculate n(-4).
0
Let t(n) = n + 21. Determine t(-15).
6
Let i(a) = a**3 - 4*a**2 + 4*a - 2. Determine i(3).
1
Let g(s) = -8*s - 48. Give g(-5).
-8
Let s(d) = -d**3 + 6*d**2 - 7*d + 8. Calculate s(5).
-2
Let i(k) = -k**2 - 19*k + 77. Calculate i(-23).
-15
Let r(v) = -v**3 - 2*v**2 + 34*v - 5. What is r(-7)?
2
Let g(b) = 2*b + 1. Give g(-8).
-15
Let y(t) = 39*t + 327. Determine y(-8).
15
Let g(x) = 2*x**3 + x**2 - 4*x - 12. What is g(-2)?
-16
Let h(v) = -3*v. Calculate h(-8).
24
Let z(u) = -u - 3. What is z(3)?
-6
Let z(u) = -6*u**3 - 32*u**2 - 5*u + 8. What is z(-5)?
-17
Let j(r) = -r**2 + 3*r - 8. Give j(5).
-18
Let v(s) = s**2 + 9*s + 15. What is v(-12)?
51
Let s(i) = -4*i + 1. Determine s(-4).
17
Let a(j) = -15*j + 76. What is a(6)?
-14
Let h(g) = -2*g - 9. Give h(-3).
-3
Let j(k) = -k**3 - 11*k**2 + 11*k + 2. Give j(-12).
14
Let s(q) = 14*q + 452. Calculate s(-32).
4
Let p(a) = 9*a**3 + a + 1. Determine p(-1).
-9
Let b(s) = -32*s**2 + 191*s - 8. Give b(6).
-14
Let a(w) = -53*w + 2. Calculate a(1).
-51
Let q(l) = -l - 6. What is q(11)?
-17
Let c(a) = a**2 + 25*a + 36. What is c(-22)?
-30
Let d(z) = 2*z**2 - 36*z + 157. Give d(10).
-3
Let c(k) = -k**3 + 5*k**2 - 4*k + 2. Give c(4).
2
Let c(d) = -d**3 - 5*d**2 + 12*d + 32. What is c(-3)?
-22
Let g(t) = -2*t**2 + 5*t - 5. Calculate g(-3).
-38
Let m(w) = w**3 - 6*w**2 - 6*w - 10. What i